Let n be 2403/(-45) - 12/20. List the prime factors of w(n).
3, 5, 13
Suppose -28 = -4*i + a, -3*i = i + 3*a - 28. Suppose i*g + 364 = 5*g. Let f = -104 - g. List the prime factors of f.
2, 3, 13
What are the prime factors of (-19215)/(-18*6/72)?
2, 3, 5, 7, 61
Let g be -18*((-10)/(-6) + -2). Let a be (-1269)/(-18)*20/g. Suppose -5*h - y + a = 0, -5*h + 5*y + 63 = -202. What are the prime factors of h?
2, 3
Let r(d) = -12 + 4 + 7 + 16 - 39*d. Let o be r(-9). Suppose -o = -3*l - 2*f, -147 + 32 = -l - 3*f. What are the prime factors of l?
2, 31
Let w(b) be the second derivative of 349*b**3/6 + 12*b**2 + 140*b. What are the prime factors of w(2)?
2, 19
Let n be 4/(-14) + 37/7 + -2. Suppose 36 = 6*c - n*c. What are the prime factors of c/(-10)*495/(-6)?
3, 11
Suppose -2*g = 3 + 1. Let w be (171 - 1)/(g - -4 - 0). Let x = 246 - w. What are the prime factors of x?
7, 23
Suppose -o - 38245 = -2*k, 3*k + 103*o = 108*o + 57378. List the prime factors of k.
19121
Suppose 99*h - 104*h - 435 = 0. Let p = h + 30. Let z = p - -274. What are the prime factors of z?
7, 31
Let s(h) = -21*h**2 + 3*h - 16. Let q be s(-4). Let c = 625 + q. What are the prime factors of c?
3, 29
List the prime factors of (57/(-57)*(-4287 + 1))/1.
2, 2143
Suppose -16*b = -10*b - 8502. Let s = 2448 - b. What are the prime factors of s?
1031
Suppose -12 = 3*c, 35543 = 5*f - 4*f + 4*c. List the prime factors of f.
3, 439
Suppose 20 = 21*v - 16*v. Let t be ((4 - 8)/v)/(1/(-2)). Suppose -3*b + 402 = b - t*o, -2*b + 5*o = -189. What are the prime factors of b?
2, 3, 17
Let t = 65480 + -30124. List the prime factors of t.
2, 8839
Suppose 3*k = 4*j + 3, j + j + 6 = 0. Let s be (-1)/((15/20)/k). Suppose -2*y = -4*g - 318, 609 = s*y + g - 0*g. List the prime factors of y.
3, 17
What are the prime factors of (-8*3/63 + 242/363)*113638?
2, 8117
Let m(a) = 503*a + 285. What are the prime factors of m(21)?
2, 3, 113
Suppose 4*o = -3*q + 3130, 2*q = -4*o - 0*q + 3132. Let x = -467 + o. What are the prime factors of x?
317
Let g be (-1)/(-15)*10*(3 - 0). Suppose r = -g*m + 386, -868 - 1069 = -5*r - 3*m. List the prime factors of r.
2, 97
Let c(r) = 881*r + 1909. List the prime factors of c(12).
7, 1783
Suppose 0*p = -7*p - 105. Let n be 309/p - (-6)/(-15). What are the prime factors of 11/((-66)/20)*n?
2, 5, 7
Let y(g) = -8*g**2 + 3*g + 8 + 97*g**3 - 91*g**3 + 2 + 0*g. List the prime factors of y(5).
5, 23
Let m(n) = n**3 + 40*n**2 + 14*n - 346. What are the prime factors of m(-29)?
3, 2833
Let m = -88 - -92. Suppose 4*d = -i - m + 3, 85 = -5*i - 4*d. Let x(l) = -5*l - 9. List the prime factors of x(i).
2, 3
Suppose 0 = -2*o - 6, 0*s = -5*s + 3*o + 259. Suppose -s = -8*x - 10. List the prime factors of -5 - (-197 - 5/x).
193
Suppose -122*s + 3543 = -119*s. List the prime factors of s.
1181
List the prime factors of 3 - 3/6 - 389847/(-58).
2, 41
Let k = -51 + 54. What are the prime factors of (45/(-20)*-162)/(k/6)?
3
List the prime factors of (6 - 3607)*(19/114 + 57/(-18)).
3, 13, 277
Let p(a) = -1173*a + 5531. What are the prime factors of p(-55)?
2, 35023
Let y(s) = 5*s**2 + 9*s - 23. Let w(v) = 11*v**2 + 19*v - 46. Let u(d) = 4*w(d) - 9*y(d). Let m be u(-8). What are the prime factors of (-458)/3*((-7)/14 + m)?
229
Suppose 0 = -141*o + 8480937 - 4301676 + 5471625. List the prime factors of o.
2, 7, 4889
Let p = -20 + 48. Let t = -11 + p. Suppose -15*l + t*l = 8. List the prime factors of l.
2
Let j(s) = 7*s - 2. Let d be (5 + 10)*(2 + -2 + 1). Let n be d/(-6)*6/(-5)*1. List the prime factors of j(n).
19
Suppose 5*a = 10*d - 8*d - 77, 0 = 2*d - 2*a - 62. What are the prime factors of 1 + 6296/d + (-18)/117?
3
Let i = -3330 - -5468. What are the prime factors of i?
2, 1069
Let q(t) = 2*t**3 - 88*t**2 + 139*t + 44. List the prime factors of q(46).
2, 7451
Let f be (-40)/(13/(-52) + (-4)/(-18)). Suppose f = -7*a + 17*a. List the prime factors of a.
2, 3
Let f(x) = 154*x**2 + 13*x - 2. Let s be f(2). Suppose g - 70 - 293 = 0. Suppose 2*j = 3*t + 5*j - g, 5*t - s = 2*j. What are the prime factors of t?
2, 3, 7
Suppose 5*l = -124*u + 126*u + 43345, -3*u = -l + 8656. What are the prime factors of l?
13, 23, 29
Suppose 1860*a = 1873*a - 52028 - 22059. What are the prime factors of a?
41, 139
Let u(v) = -4*v**2 + 15*v - 28. Let i be u(2). What are the prime factors of (i - -74)*39/4?
3, 5, 13
List the prime factors of -975*45/60*-12.
3, 5, 13
Let w(m) = -609*m - 836. List the prime factors of w(-9).
5, 929
Suppose 9*f = 13*f - 16. Suppose -11*q + 6*q = 0, 0 = -f*m - 4*q + 760. What are the prime factors of m?
2, 5, 19
Let c(z) = -z + 16. Let k be c(11). Suppose -2*w + 9 - k = 0. Suppose -4*n = -w*q + 24, -2*n = 7*q - 4*q - 4. List the prime factors of q.
2
Let x be 5 + (-1 - -2) + -4. What are the prime factors of 2*((-6)/(-30))/(x/2395)?
479
Suppose 0 = 4*g + 60 - 164. Suppose g*t - 18816 = -16*t. List the prime factors of t.
2, 7
Suppose 287*x = 312*x - 194275. What are the prime factors of x?
19, 409
Suppose -539 = -4*n - c, 0 = 5*c - 11 + 16. Let f(o) = o**2 + 10*o + 11. Let k be f(8). Suppose 10*s - n = k. List the prime factors of s.
29
Suppose 4*n - 37*l + 34*l - 104621 = 0, 6*l = 6. What are the prime factors of n?
2, 13, 503
Let t = 72965 - 1669. List the prime factors of t.
2, 557
Suppose -1817 = 14*i + 1655. Let x = i + 628. What are the prime factors of x?
2, 5, 19
Let x = -63 - -63. Suppose x = 4*p - 2*p + 3*p. Suppose p = -3*u + 2*h + 474 - 100, 3*u - 4*h = 382. What are the prime factors of u?
2, 61
Suppose 25488*q - 25487*q - 16422 = 0. List the prime factors of q.
2, 3, 7, 17, 23
Let r(p) = p**3 + p**2 + 2*p - 2. Let k(t) = -4*t**3 - 24*t**2 - 53*t + 38. Let z(b) = k(b) + 5*r(b). What are the prime factors of z(21)?
7
Let r be 920/30 - (-2)/(-3). Let o = r - 30. Let p(a) = -a**3 - a**2 + 84. What are the prime factors of p(o)?
2, 3, 7
Let z(k) = -k + 5. Let p be z(14). Let r(f) = -3*f**2 - 6*f - 2. Let q(s) = -7*s**2 - 12*s - 4. Let h(o) = p*r(o) + 4*q(o). What are the prime factors of h(6)?
2
Let w(o) = 5*o**2 + o + 1. Let t be w(-1). Suppose -5*r - 572 = -3*x, -x - 2*r + 5*r + 196 = 0. Suppose -236 = -t*y + x. What are the prime factors of y?
2, 3, 7
Suppose -402*d + 4711 = -395*d. What are the prime factors of (4 + d/2)*(-7 + 9)?
3, 227
Suppose -2*a + 8690 + 8646 = 0. List the prime factors of a.
2, 11, 197
Let c(i) be the second derivative of -14*i - 5/2*i**2 + 41/6*i**3 + 0. List the prime factors of c(3).
2, 59
Let w = -4858 + 20034. What are the prime factors of w?
2, 7, 271
Suppose 792 - 36 = i. List the prime factors of (-1)/(-4 - -3) - i/(-3).
11, 23
Suppose 456 + 509 = 5*q - 4*i, q - 3*i - 204 = 0. Let x = -124 + q. What are the prime factors of x?
5, 13
Suppose 0*g + 3*g = -24. Let s be (-6)/g*4 + 148. Let x = 234 - s. What are the prime factors of x?
83
Suppose -940*m = -935*m - 11605. What are the prime factors of m?
11, 211
Suppose -16175 = 4*b - 5*b - 4*v, 3*b - v = 48525. What are the prime factors of b?
5, 647
What are the prime factors of (19678 - -1) + -108 + 121?
2, 3, 547
Let c(r) = -30*r - 120. Let n be 3/2*(-1386)/189. List the prime factors of c(n).
2, 3, 5, 7
Let h(o) = 178*o**2 + 10*o + 8. Let j be h(-1). Let w = -55 + j. List the prime factors of w.
11
Suppose -11400*f = -11504*f + 2687256. What are the prime factors of f?
3, 11, 29
Suppose 221*c - 5689020 = -97*c. What are the prime factors of c?
2, 5, 1789
Let l = 75488 + -45174. What are the prime factors of l?
2, 23, 659
Let s = 2 + 71. Let i = s - -60. What are the prime factors of i?
7, 19
Let c be 1734 - (-1)/(64/(-20) + 3). Let k = c + -765. What are the prime factors of k?
2, 241
Let y(q) = -12*q - 4. Let j be y(-15). Suppose j*o = 167*o + 4707. What are the prime factors of o?
523
Suppose 212*i + 34*i = 3*i + 2063313. What are the prime factors of i?
7, 1213
Suppose -7*t - 7999 = 12*t. Let q = 520 - t. List the prime factors of q.
941
Let j = -48889 - -69393. Suppose -59*r + 37*r + j = 0. What are the prime factors of r?
2, 233
List the prime factors of (17962/4)/((-13)/(-26)).
7, 1283
Suppose 3 - 3 = 5*y. Suppose y = 6*c - c + 2*p - 291, 3*p = -3*c + 171. Let l = c - 27. List the prime factors of l.
2
Suppose 5*p - 10 + 5 = 0. Let b be (54 - -4 - 3)/p. Suppose -b = -3*x + 2. What are the prime f